{"id":535,"date":"2025-11-28T13:27:43","date_gmt":"2025-11-28T12:27:43","guid":{"rendered":"https:\/\/icdar2026.org\/?page_id=535"},"modified":"2025-12-16T13:38:43","modified_gmt":"2025-12-16T12:38:43","slug":"competitions","status":"publish","type":"page","link":"https:\/\/icdar2026.org\/index.php\/competitions\/","title":{"rendered":"Competitions"},"content":{"rendered":"\n<p>We are excited to announce the lineup of&nbsp;<strong>ICDAR2026 Competitions<\/strong>!<\/p>\n\n\n\n<h2 class=\"wp-block-heading\"><strong>\ud83d\udcd8 Sci-ImageMiner<\/strong>: <strong>ICDAR2026 Competition on Information Extraction from Atomic Layer Deposition\/Etching (ALD\/E) Scientific Figures<\/strong><\/h2>\n\n\n\n<p><strong>Organizers:<\/strong>&nbsp;Fahad Ahmed (TIB), Jennifer D&#8217;Souza (TIB), Soren Auer (TIB-L3S), Ralph Ewerth (TIB-UM),Alex Watkins (UOW), Bora Karasulu (UOW),<br>Eleni Poupaki (TUE), Erwin Kessels (TUE)<br><strong>Contact:<\/strong>&nbsp;<a href=\"mailto:fahad.ahmed@tib.eu\">fahad.ahmed@tib.eu<\/a><br><strong>Website:<\/strong>&nbsp;<a href=\"https:\/\/sites.google.com\/view\/sci-imageminer\/\">https:\/\/sites.google.com\/view\/sci-imageminer\/<\/a><\/p>\n\n\n\n<hr class=\"wp-block-separator has-alpha-channel-opacity\"\/>\n\n\n\n<h2 class=\"wp-block-heading\"><strong>\ud83d\udcd8 DocVQA2026<\/strong>: <strong>ICDAR2026 Competition on Multimodal Reasoning over Documents in Multiple Domains<\/strong><\/h2>\n\n\n\n<p><strong>Organizers:<\/strong>&nbsp;Artemis Llabr\u00e9s, Marc Serra Ortega, Tom\u00e1s Ockier, Amritpal Singh, Christos Georgakilas, Andrey Barsky, Ernest Valveny, Dimosthenis Karatzas (CVC-UAB)<br><strong>Contact:<\/strong>&nbsp;<a href=\"mailto:allabres@cvc.uab.cat\">allabres@cvc.uab.cat<\/a><br><strong>Website:<\/strong>&nbsp;<a href=\"https:\/\/www.docvqa.org\/challenges\/2026\">https:\/\/www.docvqa.org\/challenges\/2026<\/a><\/p>\n\n\n\n<hr class=\"wp-block-separator has-alpha-channel-opacity\"\/>\n\n\n\n<h2 class=\"wp-block-heading\"><strong>\ud83d\udcd8 ICDAR26-FalsID: ICDAR2026 Competition on Falsification and Imitation Detection<\/strong><\/h2>\n\n\n\n<p><strong>Organizers:<\/strong>\u00a0Elena Pierazzo (CESR, Universit\u00e9 de Tours), Franco Tomasi (Universit\u00e0 di Padova), Emilio Russo (Universit\u00e0 di Roma, &#8222;La Sapienza&#8220;), Dominique Stutzmann (IRHT, CNRS), Riham Mokrani (EPHE, PSL)<br><strong>Contact:<\/strong>\u00a0<a href=\"mailto:elena.pierazzo@univ-tours.fr\">elena.pierazzo@univ-tours.fr<\/a><br><strong>Website:<\/strong> <a href=\"https:\/\/icdar26-falsid.sciencesconf.org\" data-type=\"link\" data-id=\"https:\/\/icdar26-falsid.sciencesconf.org\">https:\/\/icdar26-falsid.sciencesconf.org<\/a><\/p>\n\n\n\n<hr class=\"wp-block-separator has-alpha-channel-opacity\"\/>\n\n\n\n<h2 class=\"wp-block-heading\"><strong>\ud83d\udcd8 ANYSCRIPT: ICDAR2026 Competition on Long-Term Handwriting Author Identification<\/strong><\/h2>\n\n\n\n<p><strong>Organizers:<\/strong>&nbsp;Adri\u00e0 Molina Rodr\u00edguez (CVC-UAB), Carles Boned Riera (CVC-UAB), Pau Torras Coloma (CVC-UAB), Oriol Ramos Terrades (CVC-UAB), Josep Llad\u00f3s Canet (CVC-UAB).<br><strong>Contact:<\/strong>&nbsp;<a href=\"mailto:amolina@cvc.uab.cat\">amolina@cvc.uab.cat<\/a><br><strong>Website:<\/strong>&nbsp;<a href=\"https:\/\/cvc-dag.github.io\/anyscript\/\">https:\/\/cvc-dag.github.io\/anyscript\/<\/a><\/p>\n\n\n\n<hr class=\"wp-block-separator has-alpha-channel-opacity\"\/>\n\n\n\n<h2 class=\"wp-block-heading\"><strong>\ud83d\udcd8 CMMHWR26: ICDAR2026 Competition on Multilingual Medieval Handwriting Recognition<\/strong><\/h2>\n\n\n\n<p><strong>Organizers:<\/strong>&nbsp;Agnes Boutreux (Centre for Medieval Studies, Toronto, Sorbonne University, Paris), Bram Cars (Leiden University Centre for the Arts in Society), Thibault Cl\u00e9rice (ALMAnaCH, Inria, Paris), Matthias Gille Levenson (University of Versailles Saint Quentin en Yvelines), Mike Kestemont (University of Antwerp), Benjamin Kiessling (ALMAnaCH, Inria, Paris), Ariane Pinche (CIHAM, Lyon), Caroline Vandyck (University of Antwerp), Malamatenia Vlachou (IRHT, \u00c9cole des Ponts &#8211; ParisTech, Paris)<br><strong>Contact:<\/strong>&nbsp;<a href=\"mailto:benjamin.kiessling@inria.fr\">benjamin.kiessling@inria.fr<\/a><br><strong>Website:<\/strong>&nbsp;<a href=\"https:\/\/cmmhwr26.inria.fr\/\">https:\/\/cmmhwr26.inria.fr<\/a><\/p>\n\n\n\n<hr class=\"wp-block-separator has-alpha-channel-opacity\"\/>\n\n\n\n<h2 class=\"wp-block-heading\"><strong>\ud83d\udcd8 HIPE-OCRepair: ICDAR2026 Competition on LLM-Assisted OCR Post-Correction for Historical Documents<\/strong><\/h2>\n\n\n\n<p><strong>Organizers:<\/strong>&nbsp;Emanuela Boros (DHLAB, EPFL), Juri Opitz, Andrianos Michail, Simon Clematide (Department of Computational Linguistics, University of Zurich), Maud Ehrmann (DHLAB, EPFL), Florian Wagner (Department of Computational Linguistics, University of Zurich)<br><strong>Contact:<\/strong>&nbsp;<a href=\"mailto:maud.ehrmann@epfl.ch\">maud.ehrmann@epfl.ch<\/a><br><strong>Website:<\/strong>&nbsp;<a href=\"https:\/\/hipe-eval.github.io\/HIPE-OCRepair-2026\/\">https:\/\/hipe-eval.github.io\/HIPE-OCRepair-2026\/<\/a><\/p>\n\n\n\n<hr class=\"wp-block-separator has-alpha-channel-opacity\"\/>\n\n\n\n<h2 class=\"wp-block-heading\"><strong>\ud83d\udcd8 ICDAR2026 Competition in Text Recognition on Greek Squeezes<\/strong><\/h2>\n\n\n\n<p><strong>Organizers:<\/strong>&nbsp;Nicholas Howe (Smith College), Aaron Hershkowitz (Institute for Advanced Study)<br><strong>Contact:<\/strong>&nbsp;<a href=\"mailto:nhowe@smith.edu\">nhowe@smith.edu<\/a><br><strong>Website:<\/strong>&nbsp;<a href=\"https:\/\/www.science.smith.edu\/~nhowe\/contest\/trogs26.html\">https:\/\/www.science.smith.edu\/~nhowe\/contest\/trogs26.html<\/a><\/p>\n\n\n\n<hr class=\"wp-block-separator has-alpha-channel-opacity\"\/>\n\n\n\n<h2 class=\"wp-block-heading\"><strong>\ud83d\udcd8 CircleID: ICDAR2026 Competition on Writer and Pen Identification from Hand-Drawn Circles<\/strong><\/h2>\n\n\n\n<p><strong>Organizers:<\/strong>&nbsp;Thomas Gorges (FAU), Janne van der Loop (JGU), Fei Wu (FAU), Mathias Seuret (FAU), Vincent Christlein (FAU)<br><strong>Contact:<\/strong>&nbsp;<a href=\"mailto:thomas.gorges@fau.de\">thomas.gorges@fau.de<\/a><br><strong>Website:<\/strong>&nbsp;<a href=\"https:\/\/lme.tf.fau.de\/competitions\/icdar-2026-competition-on-writer-and-pen-identification-from-hand-drawn-circles\/\">https:\/\/lme.tf.fau.de\/competitions\/icdar-2026-competition-on-writer-and-pen-identification-from-hand-drawn-circles\/<\/a><\/p>\n","protected":false},"excerpt":{"rendered":"<p>We are excited to announce the lineup of&nbsp;ICDAR2026 Competitions! \ud83d\udcd8 Sci-ImageMiner: ICDAR2026 Competition on Information Extraction from Atomic Layer Deposition\/Etching (ALD\/E) Scientific Figures Organizers:&nbsp;Fahad Ahmed (TIB), Jennifer D&#8217;Souza (TIB), Soren Auer (TIB-L3S), Ralph Ewerth (TIB-UM),Alex Watkins (UOW), Bora Karasulu (UOW),Eleni Poupaki (TUE), Erwin Kessels (TUE)Contact:&nbsp;fahad.ahmed@tib.euWebsite:&nbsp;https:\/\/sites.google.com\/view\/sci-imageminer\/ \ud83d\udcd8 DocVQA2026: ICDAR2026 Competition on Multimodal Reasoning over Documents in [&hellip;]<\/p>\n","protected":false},"author":4,"featured_media":0,"parent":0,"menu_order":0,"comment_status":"closed","ping_status":"closed","template":"","meta":{"footnotes":""},"class_list":["post-535","page","type-page","status-publish","hentry","post"],"_links":{"self":[{"href":"https:\/\/icdar2026.org\/index.php\/wp-json\/wp\/v2\/pages\/535","targetHints":{"allow":["GET"]}}],"collection":[{"href":"https:\/\/icdar2026.org\/index.php\/wp-json\/wp\/v2\/pages"}],"about":[{"href":"https:\/\/icdar2026.org\/index.php\/wp-json\/wp\/v2\/types\/page"}],"author":[{"embeddable":true,"href":"https:\/\/icdar2026.org\/index.php\/wp-json\/wp\/v2\/users\/4"}],"replies":[{"embeddable":true,"href":"https:\/\/icdar2026.org\/index.php\/wp-json\/wp\/v2\/comments?post=535"}],"version-history":[{"count":10,"href":"https:\/\/icdar2026.org\/index.php\/wp-json\/wp\/v2\/pages\/535\/revisions"}],"predecessor-version":[{"id":550,"href":"https:\/\/icdar2026.org\/index.php\/wp-json\/wp\/v2\/pages\/535\/revisions\/550"}],"wp:attachment":[{"href":"https:\/\/icdar2026.org\/index.php\/wp-json\/wp\/v2\/media?parent=535"}],"curies":[{"name":"wp","href":"https:\/\/api.w.org\/{rel}","templated":true}]}}